{"id":35,"date":"2018-08-03T12:11:08","date_gmt":"2018-08-03T10:11:08","guid":{"rendered":"http:\/\/musiquesperance-stdie.fr\/?page_id=35"},"modified":"2025-09-10T12:26:30","modified_gmt":"2025-09-10T10:26:30","slug":"contact-adhesion","status":"publish","type":"page","link":"https:\/\/musiquesperance-stdie.fr\/index.php\/contact-adhesion\/","title":{"rendered":"Contact &#038; Adh\u00e9sion"},"content":{"rendered":"<p style=\"text-align: center;\"><strong>Vous souhaitez adh\u00e9rer \u00e0 notre association ? T\u00e9l\u00e9chargez le bulletin d&rsquo;adh\u00e9sion au format pdf<br \/>\n<\/strong><strong>(en cliquant sur l&rsquo;image ci-dessous).<\/strong><\/p>\n<p style=\"text-align: center;\"><em>Bulletin \u00e0 imprimer puis \u00e0 retourner (ch\u00e8que libeller \u00e0 l&rsquo;ordre de \u00ab\u00a0Musique Esp\u00e9rance Saint-Di\u00e9\u00a0\u00bb) au tr\u00e9sorier :<\/em><br \/>\n<em>Jean-Michel Kiener, 12 chemin de la promenade de Gratin, 88100 Saint-Di\u00e9-des-Vosges<a href=\"http:\/\/musiquesperance-stdie.fr\/wp-content\/uploads\/2025\/09\/bulletin_adhesionME-2025-2026.pdf\" target=\"_blank\" rel=\"noopener\"><img loading=\"lazy\" decoding=\"async\" class=\"aligncenter wp-image-784 size-thumbnail\" src=\"http:\/\/musiquesperance-stdie.fr\/wp-content\/uploads\/2025\/09\/bulletin_adhesionME-2025-2026-pdf-92x150.jpg\" alt=\"\" width=\"92\" height=\"150\" \/><\/a><\/em><\/p>\n<p style=\"text-align: center;\"><strong>Vous souhaitez nous contacter ? <\/strong><\/p>\n<p>Une question pr\u00e9cise \u00e0 l&rsquo;un des membres du bureau de Musique Esp\u00e9rance Saint-Di\u00e9 ? Vous pouvez contacter :<\/p>\n<p><strong>Anne-C\u00e9cile Maurice<\/strong> &#8211; <em>pr\u00e9sidente<\/em> :\u00a0<span style=\"color: #808080;\"><a style=\"color: #808080;\" href=\"mailto:anne-cecile.maurice@laposte.net\">anne-cecile.maurice@laposte.net<\/a><\/span><\/p>\n<p><strong>Michel Freyburger<\/strong>\u00a0&#8211; vice-<em>pr\u00e9sident<\/em>\u00a0:\u00a0<span style=\"color: #808080;\"><a style=\"color: #808080;\" href=\"mailto:musique-esperance@orange.fr\">musique-esperance@orange.fr<\/a><\/span><\/p>\n<p><strong>Alex Da Silva<\/strong> &#8211;\u00a0<i>secr\u00e9taire<\/i>\u00a0: <a href=\"mailto:alex88@laposte.net\"><span style=\"color: #808080;\">alex88@laposte.net<\/span><\/a><\/p>\n<h4><\/h4>\n<h4><\/h4>\n<h4 style=\"text-align: center;\"><strong>MUSIQUE ESP\u00c9RANCE SAINT-DI\u00c9<\/strong><\/h4>\n<h4 style=\"text-align: center;\"><strong>11, RUE M\u00c8RE TERESA<\/strong><\/h4>\n<h4 style=\"text-align: center;\"><strong>88100 SAINT-DI\u00c9-DES-VOSGES<\/strong><\/h4>\n","protected":false},"excerpt":{"rendered":"<p>Vous souhaitez adh\u00e9rer \u00e0 notre association ? T\u00e9l\u00e9chargez le bulletin d&rsquo;adh\u00e9sion au format pdf (en cliquant sur l&rsquo;image ci-dessous). Bulletin \u00e0 imprimer puis \u00e0 retourner (ch\u00e8que libeller \u00e0 l&rsquo;ordre de \u00ab\u00a0Musique Esp\u00e9rance Saint-Di\u00e9\u00a0\u00bb) au tr\u00e9sorier : Jean-Michel Kiener, 12 chemin [&hellip;]<\/p>\n","protected":false},"author":1,"featured_media":0,"parent":0,"menu_order":0,"comment_status":"closed","ping_status":"closed","template":"","meta":{"footnotes":""},"_links":{"self":[{"href":"https:\/\/musiquesperance-stdie.fr\/index.php\/wp-json\/wp\/v2\/pages\/35"}],"collection":[{"href":"https:\/\/musiquesperance-stdie.fr\/index.php\/wp-json\/wp\/v2\/pages"}],"about":[{"href":"https:\/\/musiquesperance-stdie.fr\/index.php\/wp-json\/wp\/v2\/types\/page"}],"author":[{"embeddable":true,"href":"https:\/\/musiquesperance-stdie.fr\/index.php\/wp-json\/wp\/v2\/users\/1"}],"replies":[{"embeddable":true,"href":"https:\/\/musiquesperance-stdie.fr\/index.php\/wp-json\/wp\/v2\/comments?post=35"}],"version-history":[{"count":39,"href":"https:\/\/musiquesperance-stdie.fr\/index.php\/wp-json\/wp\/v2\/pages\/35\/revisions"}],"predecessor-version":[{"id":792,"href":"https:\/\/musiquesperance-stdie.fr\/index.php\/wp-json\/wp\/v2\/pages\/35\/revisions\/792"}],"wp:attachment":[{"href":"https:\/\/musiquesperance-stdie.fr\/index.php\/wp-json\/wp\/v2\/media?parent=35"}],"curies":[{"name":"wp","href":"https:\/\/api.w.org\/{rel}","templated":true}]}}

Contact &#038; Adhésion

<p style="text-align: center;"><strong>Vous souhaitez adhérer à notre association ? Téléchargez le bulletin d&rsquo;adhésion au format pdf<br />
</strong><strong>(en cliquant sur l&rsquo;image ci-dessous).</strong></p>
<p style="text-align: center;"><em>Bulletin à imprimer puis à retourner (chèque libeller à l&rsquo;ordre de « Musique Espérance Saint-Dié ») au trésorier :</em><br />
<em>Jean-Michel Kiener, 12 chemin de la promenade de Gratin, 88100 Saint-Dié-des-Vosges<a href="http://musiquesperance-stdie.fr/wp-content/uploads/2025/09/bulletin_adhesionME-2025-2026.pdf" target="_blank" rel="noopener"><img loading="lazy" decoding="async" class="aligncenter wp-image-784 size-thumbnail" src="http://musiquesperance-stdie.fr/wp-content/uploads/2025/09/bulletin_adhesionME-2025-2026-pdf-92x150.jpg" alt="" width="92" height="150" /></a></em></p>
<p style="text-align: center;"><strong>Vous souhaitez nous contacter ? </strong></p>
<p>Une question précise à l&rsquo;un des membres du bureau de Musique Espérance Saint-Dié ? Vous pouvez contacter :</p>
<p><strong>Anne-Cécile Maurice</strong> &#8211; <em>présidente</em> : <span style="color: #808080;"><a style="color: #808080;" href="mailto:anne-cecile.maurice@laposte.net">anne-cecile.maurice@laposte.net</a></span></p>
<p><strong>Michel Freyburger</strong> &#8211; vice-<em>président</em> : <span style="color: #808080;"><a style="color: #808080;" href="mailto:musique-esperance@orange.fr">musique-esperance@orange.fr</a></span></p>
<p><strong>Alex Da Silva</strong> &#8211; <i>secrétaire</i> : <a href="mailto:alex88@laposte.net"><span style="color: #808080;">alex88@laposte.net</span></a></p>
<h4></h4>
<h4></h4>
<h4 style="text-align: center;"><strong>MUSIQUE ESPÉRANCE SAINT-DIÉ</strong></h4>
<h4 style="text-align: center;"><strong>11, RUE MÈRE TERESA</strong></h4>
<h4 style="text-align: center;"><strong>88100 SAINT-DIÉ-DES-VOSGES</strong></h4>

<p>Vous souhaitez adhérer à notre association ? Téléchargez le bulletin d&rsquo;adhésion au format pdf (en cliquant sur l&rsquo;image ci-dessous). Bulletin à imprimer puis à retourner (chèque libeller à l&rsquo;ordre de « Musique Espérance Saint-Dié ») au trésorier : Jean-Michel Kiener, 12 chemin [&hellip;]</p>
